ose 4*h = 2*s + 86, -4*h + 115 = h + 5*s. Let t(p) = -1 + 2 + 17*p**2 - 2*p - 8*p**2. What is the remainder when h is divided by t(1)?
6
Calculate the remainder when 3/12 + 0 - (-7992)/32 is divided by 18.
16
Let a = -11 + 42. Suppose 2*u - h - 25 = 0, -4*u + 53 = 2*h - 5*h. Calculate the remainder when a is divided by u.
9
Suppose 2*a + 3*a + 4*n = 72, -2*a - 5*n = -39. Let j be 8*(2 + 0 + -1). Suppose v = -1 + j. Calculate the remainder when a is divided by v.
5
Let l(b) = 6*b**2. Calculate the remainder when 17 is divided by l(-1).
5
Suppose 3*w - 81 = 24. Let u = 31 + -19. What is the remainder when w is divided by u?
11
Let v = 0 - -31. Suppose 21 = -0*s + 3*s + w, w = 5*s - 43. Calculate the remainder when v is divided by s.
7
Suppose 0 = -3*z - 3*o + 30, -86 = 2*z - 7*z + 4*o. Let h = 89 - 64. What is the remainder when h is divided by z?
11
Suppose 15*o - 12*o - 135 = 0. Calculate the remainder when 134 is divided by o.
44
Let g = 20 - -6. Calculate the remainder when g is divided by 15.
11
Let u(w) = -w**3 + 7*w**2 - 4*w - 7. What is the remainder when u(5) is divided by 13?
10
Let f(o) = -o**2 - 10*o + 5. Let r be f(-5). Suppose -r = -p - 0*p. What is the remainder when p is divided by 16?
14
Let h = 12 - 14. What is the remainder when 71 is divided by 1/(-2) + (-49)/h?
23
Suppose -4*u + 16 = -12. Let f(x) = -x + 11. What is the remainder when 10 is divided by f(u)?
2
Let t = 4 - -1. Suppose 77 = t*h - 3. Suppose 0 = -m + 27 + 4. Calculate the remainder when m is divided by h.
15
Suppose 4*v = 138 + 138. What is the remainder when v is divided by 25?
19
Let h(k) = 13*k + 23. What is the remainder when h(7) is divided by 39?
36
Let l = -1 + 26. What is the remainder when 98 is divided by l?
23
Suppose -4*n + 20 = 8. Suppose -n*b = -2*b - 16. Calculate the remainder when b is divided by 9.
7
Let v = 6 - 5. Calculate the remainder when 14 is divided by v/(-2)*(-48)/3.
6
Suppose -3*b + 1 = -8. Suppose t - b = 2. Suppose -3*y - 22 = -t*y. What is the remainder when 31 is divided by y?
9
Let x(p) = p**3 + 5*p**2 - 5*p - 2. Let a be x(-5). Let i = -6 + a. Calculate the remainder when i is divided by 9.
8
Suppose -t = t - 88. Suppose -3*m + 2*j = -t, 0 = m - 4*m + 5*j + 29. What is the remainder when 35 is divided by m?
17
Let b = -1 - -13. Suppose 3*z + z - b = 0. What is the remainder when 12 is divided by z?
0
Let v(y) = 24*y**3 - y. Calculate the remainder when 38 is divided by v(1).
15
Suppose 0 = 3*p - 3 - 3. Suppose -4*d + 2 + 2 = 0. Let c = p - d. Calculate the remainder when 2 is divided by c.
0
Suppose t + d = 6*t - 171, -t + 51 = 4*d. Let c(g) = -g**3 - 15*g**2 - 7*g + 33. What is the remainder when c(-15) is divided by t?
33
Let a = 25 - 20. What is the remainder when 7 is divided by a?
2
What is the remainder when 29 is divided by 9 - 4/4 - 3?
4
Suppose -k - 4 = -2*i - 0*k, -2*i + 4 = -5*k. Suppose 0 = -z, 3*q - 18 = z + i*z. Let m = 28 - q. Calculate the remainder when 64 is divided by m.
20
Let s be 3/6 + (-38)/4. Let t = s - -24. Suppose 2*l - 164 = -4*q, 5*l + 8 = -12. What is the remainder when q is divided by t?
13
Let i be (-2)/(-6)*(-24)/(-2). Suppose o = i*u - 12, o - u + 0*u = 0. Suppose 0 = -5*g + 3*g + 20. What is the remainder when g is divided by o?
2
Suppose -5*w + 27 + 21 = -2*k, 0 = 5*k + w + 66. Calculate the remainder when (-326)/k + 2/(-7) is divided by 6.
5
Suppose 0 = 5*y - 4*l - 14, -y - 5*l - 7 = -2*y. Suppose -5*a + 2*q = -0*q - 365, -4*a = y*q - 274. Calculate the remainder when a is divided by 24.
23
Let r(l) = l**2 + 3*l + 1. Calculate the remainder when r(-5) is divided by 5/((-15)/9) - -7.
3
Let d(t) = 2*t**2 - 3*t - 68. Let m(s) = 2*s**2 + 2*s + 2. Calculate the remainder when m(-3) is divided by d(7).
5
Suppose -7*c + 5*c + 306 = 0. Let k = c - 76. What is the remainder when k is divided by 20?
17
Let j(d) be the first derivative of 2/3*d**3 + 2 - 2*d + 5/2*d**2. What is the remainder when 18 is divided by j(-4)?
8
What is the remainder when (0 - -1)/((-1)/(-28)) is divided by 43/3 + (-138)/(-18) + -7?
13
What is the remainder when (1/(12/56))/((-4)/(-60)) is divided by 15?
10
Suppose -i = 4*i - 70. Let k(d) = 9*d**2 - d + 2. Let h(f) = f**2 - 9*f + 6. Let r be h(8). What is the remainder when k(r) is divided by i?
12
Let h = 56 - -9. What is the remainder when h is divided by 17?
14
Suppose -w + 21 = -4. Calculate the remainder when 97 is divided by w.
22
Let g(x) = x - 5. Let a be g(5). Suppose a = -c + 1 + 18. What is the remainder when 36 is divided by c?
17
Suppose 7*p - 45 = 2*p. What is the remainder when -1 - (1 - 1*27) is divided by p?
7
Let g be 0/((3 - 2)*1). Suppose d - 3*d = -2*f + 10, g = -f + 4*d - 4. Calculate the remainder when 22 is divided by f.
6
Let j(a) be the first derivative of 10*a**3 + 3. Calculate the remainder when j(-1) is divided by 11.
8
Let f(a) be the third derivative of -a**6/120 - a**5/6 - 7*a**4/12 - 11*a**3/6 + 4*a**2. Calculate the remainder when f(-9) is divided by 12.
10
Suppose 5*y - 27 = 23. Let i be (0 + -1)*(1 - 2). Let o = 5 - i. What is the remainder when y is divided by o?
2
Let p(g) = g**3 + 4*g**2 + 2*g. Let c be p(-3). Suppose -3*m = c*y - 48, -2*m + 3*y + 30 = m. Calculate the remainder when 38 is divided by m.
12
Suppose 7*z - 139 - 113 = 0. Calculate the remainder when 104 is divided by z.
32
Suppose -5*d + 72 = -13. Let v = d + -5. What is the remainder when 22 is divided by v?
10
Suppose 2*c - 2 = 2. Let h = 6 - 4. Calculate the remainder when 2 is divided by (-2)/(((-4)/c)/h).
0
Let c = -11 + 7. Let i(v) = 3*v**2 - v - 3. What is the remainder when i(c) is divided by 13?
10
Suppose 0 = -4*b + l + 89, 3*l + 36 = b - 0*l. Suppose b + 21 = 3*o. What is the remainder when 40 is divided by o?
12
Suppose -9 = 5*d - 139. Let j = 14 + d. Suppose 4*c = 2*q + 5*c - 43, 0 = q + 3*c - 24. What is the remainder when j is divided by q?
19
Let x = -1 - -2. Let t be -3 + 5*(3 + x). Let f = t + -11. Calculate the remainder when 16 is divided by f.
4
Let d be 1 + 1 - (-2)/(-1). What is the remainder when 46 + 0 + 2 + d is divided by (-3 - -4)*(1 + 16)?
14
Let h = -9 - -8. Let v = h + 7. Calculate the remainder when 21 is divided by v.
3
Calculate the remainder when 39 is divided by (28/(-6))/((-8)/24).
11
What is the remainder when 34 is divided by (1 + (0 - 1))/(-2) + 12?
10
Suppose 53*v - 57*v = -240. Calculate the remainder when v is divided by 13.
8
Let t = 4 + -2. Let y(c) = 2*c**3 + c**2 - 3*c + 2. Calculate the remainder when 47 is divided by y(t).
15
Let n(k) = -k + 6. Let c be n(0). What is the remainder when (-2)/c + (-282)/(-9) is divided by (10/15)/(2/33)?
9
Let u = 60 + -25. Calculate the remainder when u is divided by 9.
8
Let v(r) = -r + 10. Let q be v(9). Calculate the remainder when q*(-6)/5*-15 is divided by 10.
8
What is the remainder when 41 is divided by (-42)/336 - (121/8)/(-1)?
11
Suppose -4*f + 38 + 18 = 4*v, -f - 4*v + 17 = 0. Calculate the remainder when 48 is divided by f.
9
Suppose 4*y + 50 = 174. Calculate the remainder when y is divided by 17.
14
Let i(p) = 6*p + 8. Let l be i(0). Let j(n) = n**2 + 16*n - 6 + 0*n**2 - 2*n**2. What is the remainder when j(l) is divided by 20?
18
Let o(h) = -2*h - 10. Let f be o(-7). Suppose 2*d = -2*d + f. Suppose 3*w + d = 7. What is the remainder when 5 is divided by w?
1
Suppose -q + 8 = -14. Let o(m) = -4*m. What is the remainder when q is divided by o(-2)?
6
Suppose -y = -5 - 0. What is the remainder when (-80)/(-6) + 8/12 is divided by y?
4
Suppose 0 = 4*a - 44 - 12. What is the remainder when 39 is divided by a?
11
Let y(u) = u**3 - 2*u**2 + 3*u - 3. Let q be y(3). Suppose -2*w - q = -7. Calculate the remainder when 27 is divided by (-58)/w - 5/10.
13
Let u(w) = 18*w + 1. Calculate the remainder when u(2) is divided by 14/(-35)*(-95)/2.
18
Suppose 4*j - 2*f + 4*f - 8 = 0, 2*f = -2*j + 4. Suppose j*g + 2 = 0, 0*s - 63 = -5*s + 3*g. Calculate the remainder when 47 is divided by s.
11
Let a = 14 + -13. Let c = a - 0. Calculate the remainder when 3 is divided by c.
0
Let p = -26 + 22. What is the remainder when (-1417)/(-39) - p/6 is divided by 20?
17
Let v(z) = -z**2 + 3*z - 1. Let x be v(1). Let u = 5 - x. Calculate the remainder when (-99)/(-6)*(-4)/(-6) is divided by u.
3
Suppose q + 8 